k**2 + 5 + 6 - 3*k - 7. Give y(5).
14
Let x = 47 - 51. Let f(c) = -c**2 - 2*c - 4. Give f(x).
-12
Let p(s) = s**2 + s - 4. Let o be p(-3). Let a(f) = -f**3 + 6*f**2 + f - 1. Let b(r) = -2*r**3 + 13*r**2 + 3*r - 2. Let q(n) = o*b(n) - 5*a(n). What is q(3)?
-5
Let y be (1/(-2))/(9/(-36)). Let z(o) = y*o + 4*o - 5*o - 2*o. Give z(6).
-6
Let l(r) be the third derivative of r**4/24 + 3*r**3/2 + 41*r**2. Calculate l(-10).
-1
Let r(b) = -b**3 - 2*b**2 - b. Let o be r(0). Let u(i) be the third derivative of -1/6*i**4 + 2*i**2 + o + 0*i - 1/2*i**3. Give u(-2).
5
Let f(v) = -v**2 + v + 5. Let d be (-10)/(-6) - 3/(-9). Suppose -2*q + 2 = j, -4*q + 4 = j + d. What is f(q)?
5
Let i(f) be the first derivative of -f**5/20 + f**4/12 + f**3/6 - 3*f**2/2 - f + 1. Let t(u) be the first derivative of i(u). Give t(0).
-3
Suppose -2*v + 25 = 3*w, -2*w - v + 10 = 2*v. Let t(l) = l**2 - 10*l - 9. Calculate t(w).
2
Suppose 10 = -4*n + 2. Let s(b) = -b - 4. What is s(n)?
-2
Let n(c) = 3*c + 2 - c - 7*c + 3*c. Determine n(5).
-8
Let i be (-105)/(-10)*4/6. Let o(v) = v**2 - 5*v - 10. Calculate o(i).
4
Suppose l - 4*q - 11 = 0, -2*l - 4 = -3*q - 21. Let j(o) = -3*o + 2*o - l + 0*o. Let u = -16 + 16. Determine j(u).
-7
Let r(z) = 10*z + 0*z**2 + 0 - 1 - z**2 - 7*z. What is r(4)?
-5
Let p = 2 - 2. Suppose 2*l = -p*l + 2. Let d(k) = 7*k**3 - k**2 + k. Give d(l).
7
Let a be 2/(-7) + 32/14. Let o(y) = -4*y**3 + 4*y**2 + 1. Let n(v) = 5*v**3 - 5*v**2 - 1. Let r = -1 + 4. Let k(g) = r*n(g) + 4*o(g). Give k(a).
-3
Let i(z) = z**3 + 10*z**2 - 11*z - 5. Let r be i(-11). Let n(t) = t**2 + 8*t + 7. What is n(r)?
-8
Let t be 12/(-36) - (-19)/3. Let g(p) = p**2 - 6*p - 3. Calculate g(t).
-3
Let f(w) = w**3 + w**2 + w + 2. Let c be f(0). Suppose -3*o = -1 - 5. Let z(q) = q**3 + q - 1 - 1 - o*q - q**2 + 1. Give z(c).
1
Let s(z) be the second derivative of -z**3 + 8*z + 0 + 0*z**2 - 1/12*z**4. What is s(-5)?
5
Let h(n) be the third derivative of -n**5/15 + 7*n**4/8 + 4*n**3/3 + 3*n**2. Let b(k) = 3*k**2 - 14*k - 5. Let l(x) = 7*b(x) + 5*h(x). Give l(-5).
-5
Let g(a) = 0*a + 0*a - 3 + 2*a - 1. Determine g(5).
6
Let r(t) = -t**3 - 5*t**2 + 1. Let o be r(-5). Let w(d) = 7*d**2 + 2*d - 1. Give w(o).
8
Suppose 3*h + 4 = l, -2*l = 3*l + 2*h + 31. Let c(k) = k + 9. What is c(l)?
4
Let k(l) = -5*l**2 - 14*l. Suppose -4 = -5*u + 3*u. Let w(g) = u*g**2 - g + g + 5*g. Let t(v) = -3*k(v) - 8*w(v). Calculate t(3).
-3
Let d(y) = -y**2 - 4*y - 4. Let x(p) = -p**2 + 33. Let u be x(-6). Determine d(u).
-1
Let j(p) = -2*p + 50. Let o be j(24). Let u(f) be the first derivative of f - 2 + 1/4*f**4 + o*f**3 - 1/2*f**2. Determine u(-6).
7
Let p(o) = -o**3 - 3*o**2 - 2*o - 2. Let v = 0 - -7. Let z be 18/(-63) - 19/v. Give p(z).
4
Let i(d) = -d**3 - d**2 - d. Let r(b) = 18*b**3 + 4*b**2 + 6*b + 1. Let k(j) = -6*i(j) - r(j). Calculate k(1).
-11
Let v(k) = -k**3 + 4*k**2 - k + 2. Suppose 0 = 2*w - 3*g - 2*g - 21, 9 = -2*w - 5*g. Let s(z) = z**3 - 2*z**2 - 3*z + 2. Let c be s(w). What is v(c)?
8
Let x(n) be the first derivative of n**3/3 + n**2 + n - 2. Let i = 20 + -22. What is x(i)?
1
Let o(t) = -t**2 - 3*t + 1. Suppose -5*i = -5*w - 15, 3*w + 11 + 0 = 2*i. Calculate o(w).
-9
Let w = -5 - 2. Let t = -2 - w. Let k(z) be the third derivative of z**6/120 - z**5/12 - z**4/24 - z**3/6 + 2*z**2. Give k(t).
-6
Let a(i) be the first derivative of 2*i**2 + 7*i + 11. Give a(-5).
-13
Suppose 2*t + t - z = 12, -5*t = -5*z - 10. Let l(g) = 35 - 39 - 6*g - 3*g**2 + 4*g**2. What is l(t)?
-9
Let z(h) = h - 3. Suppose -4*k - f = -22, -4*k + 2*f + 34 = 6. Calculate z(k).
3
Let q(x) = x**3 + 5*x**2 - 7*x - 6. Let v be q(-6). Suppose -2*o - 4*z = 18, 4*o = -3*z - v*z - 11. Let p(u) = -7*u**3 - u**2 + 2*u - 1. Calculate p(o).
-7
Suppose -4 = 4*p, 2*p - 6 = -5*m + 2. Let s be (1 - m - -1)*1. Let o(x) be the second derivative of x**4/12 - x**3/6 + 7*x**2/2 - x. What is o(s)?
7
Let v(l) = 2*l + 2. Let w(k) = -4*k**3 - k**2 + k. Let i(f) = -f**2 - 5*f - 3. Let x be i(-4). Let u be w(x). Give v(u).
-6
Let f(p) = p**2 + 8. Let n(v) = -v**2 - 7. Let b(k) = -6*f(k) - 7*n(k). Give b(0).
1
Let q(l) = -3*l + 2*l - 3 + 2. Let o(u) = -u**3 + 20*u**2 + 20*u + 25. Let p be o(21). Give q(p).
-5
Let a(g) = g**2 + 7*g + 12. Let y be (-54)/24*(-8)/(-3). Let i(f) = -f - 1. Let z(r) = y*i(r) - a(r). Determine z(0).
-6
Let q be ((-5)/(-2))/(1/(-2)). Suppose 11 + 1 = 4*g - y, -20 = -2*g + 4*y. Let h = q + g. Let r(s) = s - 2. Calculate r(h).
-5
Let d(t) be the first derivative of -t**4/4 + 4*t**3/3 - t**2 + t + 8. Give d(4).
-7
Let c(f) be the second derivative of 3/2*f**2 + 0 - 1/6*f**3 + 2*f + 1/12*f**4 - 1/20*f**5. Suppose 0 = -x - 3*x. Calculate c(x).
3
Suppose -4*l - 2*z = -12, -2*l + 3*l - 3 = -z. Let r(f) = -f**3 + 4*f**2 - f + 3. Determine r(l).
9
Let c(i) = -i**2 + i - 1. Let p(g) = 2*g**2 + 7*g + 1. Let u(a) = -c(a) - p(a). Determine u(-4).
16
Let o(c) be the third derivative of c**4/24 + 7*c**3/6 + 4*c**2. Suppose -3*m + 9 = -4*u - 0*m, -4*u - 2*m + 6 = 0. What is o(u)?
7
Let p(m) = 5*m + 3*m - 11*m + 3 - 9. Give p(-4).
6
Let t(z) = -2*z + 7. Suppose 25 = 5*j - 0*j. Determine t(j).
-3
Let b(d) be the second derivative of d**5/60 - d**4/4 + 7*d**3/6 - 3*d**2/2 + d. Let v(f) be the first derivative of b(f). Determine v(6).
7
Let a(c) = c**3 - 3*c**2 + 3*c - 4. Let r(s) = s + 13. Let h be r(-10). What is a(h)?
5
Let z(t) be the third derivative of 0*t + 1/6*t**4 + t**3 + 0 + 3*t**2 - 1/60*t**5. Determine z(5).
1
Let w(q) = -2*q - 3. Let v(a) = a**2 + 5*a + 7. Let d(g) = 3*v(g) + 7*w(g). Give d(-1).
2
Let q(v) = -7*v**2 - 5*v - 8. Let a(w) = 6*w**2 + 4*w + 8. Let l(d) = -6*a(d) - 5*q(d). Suppose 0 = 7*u - 4*u. Calculate l(u).
-8
Let v(n) = n**3 - 4*n**2 - 2*n + 4. Let t(x) = x. Let c(d) = 3*t(d) - v(d). Calculate c(4).
16
Let w be 4 + -2 - (1 - -4). Let c(h) = 2*h - 3. Give c(w).
-9
Let z(o) = -o**3 - 6*o**2 + o + 1. Let b be z(-6). Let h(x) be the second derivative of -x**5/20 - x**4/3 + x**3 + 7*x**2/2 + 8*x. What is h(b)?
2
Suppose 0*x + 5*k - 3 = 4*x, 5*k - 5 = 5*x. Let p(r) be the second derivative of -2*r**3/3 + r**2/2 + r. Determine p(x).
9
Let m be ((-6)/4)/((-2)/4). Suppose -m*t = -t - 3*i - 19, 4*i = -12. Let q = t + -5. Let j(u) = -u**3 - u + 6. Give j(q).
6
Let c(n) = -1 + 4*n**2 - 2*n**2 + n - n**2. Suppose -5*i + 0*i + 75 = 0. Let t = i + -13. Give c(t).
5
Let h be ((-14)/6)/((-3)/9). Let w be h/(-5) + (-6)/10. Let j(x) = 2*x**2 - 2*x - 1. Give j(w).
11
Suppose -h = s + 3*h + 18, -h - 1 = 2*s. Let j(g) = 7 + s*g + g - g**3 + 0*g**3 + 4*g**2. What is j(5)?
-3
Let x = -1 + -3. Let p(l) = l + 2. Let g be p(x). Let n(v) = 3*v + 2. Determine n(g).
-4
Let h be (((-90)/12)/15)/((-1)/(-2)). Let m(t) = -15*t**3 + t + 1. What is m(h)?
15
Let n be (-3)/(-2)*10/3. Suppose -2*k + 2*y - 6 = 2, -2*k = -n*y + 14. Let c(h) = -2*h**2 - 2*h - 3. What is c(k)?
-7
Let b(y) be the second derivative of -y**5/120 - y**4/24 - 5*y**3/6 - 5*y. Let c(f) be the second derivative of b(f). What is c(-4)?
3
Let f = -4 + 8. Let u(c) = -c + 4. Let s be u(f). Suppose s = -4*n - 2 - 2. Let y(b) = -b + 1. What is y(n)?
2
Let z(r) = 2*r**2 - 2*r + 1. Let v be z(2). Let o(c) = 3*c. What is o(v)?
15
Let q = 19 + -19. Let j(w) = 8*w + 3 + w**3 + 3*w**2 - 8 + q*w**3 - 11*w**2. What is j(7)?
2
Let f(w) = -2*w**3 + 9*w**2 + 2. Let z(r) = 3*r**3 - 10*r**2 - 3. Suppose 9 = -25*i + 22*i. Let j(m) = i*z(m) - 4*f(m). Calculate j(-6).
1
Let b(f) = -8*f - 6 - 1 + 6 + 0. Give b(-1).
7
Let v(j) = j**2 - 3*j - 16. Let o be v(6). Let f(i) = -2*i + 0*i + 4 - 1. Give f(o).
-1
Let p(q) = 1 - 3*q - 3 + 1. What is p(-3)?
8
Suppose -p = -z + 4, -8 + 2 = -4*z - p. Let s(t) = -2 + 4*t**2 + z*t**2 + 0*t**2 + t**3 + 5*t. Give s(-5).
-2
Let j(o) = -o**2 + 1. Let q be j(-1). Suppose 3*n - 5 - 1 = q. Let i(l) = 1 + 2*l**2 + l**n - l**2 - l**3 + l. Give i(2).
3
Let h = 293/6 - 48. Let a(d) be the second derivative of -h*d**3 + d + 0 - 1/20*d**5 - 1/2*d**4 + 5/2*d**2. What is a(-5)?
5
Suppose 0 = -4*h - 6 - 10. Let z(y) = -y**3 - 4*y**2 + y - 4. Determine z(h).
-8
Let z(k) be the second derivative of k**6/72 + k**4/24 + 7*k**3/6 - 5*k. Let s(x) be the second derivative of z(x). What is s(1)?
6
Let k(o) be the third derivative of o**5/60 + o**4/6 + o**3/6 + 16*o**2. Suppose m - 6 = 4*m. Give k(m).
-3